36 and 60.
12
Calculate the greatest common factor of 7500 and 675.
75
What is the highest common divisor of 12 and 1356?
12
Calculate the greatest common divisor of 708 and 18.
6
What is the greatest common divisor of 6493 and 1208?
151
What is the highest common factor of 19 and 247?
19
What is the highest common divisor of 65 and 39?
13
Calculate the greatest common factor of 16104 and 792.
264
Calculate the greatest common factor of 72 and 18.
18
What is the greatest common divisor of 213 and 497?
71
Calculate the highest common factor of 192 and 888.
24
What is the greatest common factor of 837 and 744?
93
Calculate the highest common divisor of 19194 and 84.
42
What is the highest common divisor of 15 and 95?
5
What is the highest common divisor of 42 and 96?
6
Calculate the highest common factor of 128 and 12.
4
What is the highest common divisor of 65 and 117?
13
Calculate the greatest common factor of 4228 and 56.
28
Calculate the greatest common divisor of 4290 and 30.
30
What is the highest common factor of 159 and 48813?
159
What is the highest common divisor of 40 and 18280?
40
What is the highest common factor of 882 and 4788?
126
Calculate the highest common factor of 518 and 392.
14
Calculate the highest common factor of 11 and 1331.
11
Calculate the highest common factor of 90 and 10.
10
Calculate the greatest common divisor of 1251 and 9.
9
What is the highest common divisor of 75 and 25?
25
Calculate the greatest common divisor of 17 and 2839.
17
What is the highest common factor of 725 and 464?
29
Calculate the highest common factor of 24 and 3048.
24
What is the highest common divisor of 161 and 63?
7
Calculate the highest common divisor of 98 and 27734.
98
What is the highest common divisor of 72 and 369?
9
What is the greatest common factor of 38 and 1558?
38
Calculate the highest common factor of 684 and 324.
36
Calculate the highest common divisor of 220 and 7876.
44
What is the greatest common factor of 10515 and 30?
15
What is the greatest common divisor of 9 and 21?
3
What is the greatest common factor of 8421 and 21?
21
Calculate the highest common factor of 172 and 43.
43
What is the highest common divisor of 352 and 55?
11
What is the highest common factor of 702 and 2886?
78
Calculate the greatest common factor of 312 and 996.
12
What is the highest common factor of 102 and 18?
6
What is the greatest common factor of 8 and 13016?
8
Calculate the greatest common factor of 1184 and 5994.
74
Calculate the greatest common factor of 69 and 2139.
69
Calculate the highest common factor of 4304 and 16.
16
Calculate the greatest common factor of 1276 and 20.
4
What is the highest common divisor of 462 and 336?
42
Calculate the highest common factor of 176 and 368.
16
What is the highest common factor of 1985 and 15?
5
Calculate the highest common factor of 135 and 525.
15
Calculate the greatest common divisor of 11242 and 70.
14
Calculate the highest common factor of 3 and 10551.
3
Calculate the highest common divisor of 555 and 111.
111
Calculate the highest common factor of 296 and 624.
8
What is the highest common factor of 2560 and 280?
40
Calculate the greatest common factor of 36 and 72.
36
What is the highest common divisor of 8 and 392?
8
What is the greatest common divisor of 2387 and 77?
77
Calculate the highest common divisor of 285 and 1045.
95
What is the highest common divisor of 56 and 2968?
56
What is the highest common factor of 108 and 1614?
6
What is the greatest common divisor of 28 and 196?
28
Calculate the highest common factor of 88 and 55.
11
What is the greatest common factor of 3496 and 368?
184
Calculate the greatest common factor of 3 and 366.
3
What is the highest common divisor of 54 and 54?
54
Calculate the greatest common factor of 44 and 319.
11
Calculate the greatest common factor of 143 and 44.
11
Calculate the highest common divisor of 348 and 10092.
348
Calculate the highest common divisor of 12 and 1908.
12
Calculate the highest common factor of 29 and 783.
29
Calculate the greatest common divisor of 11662 and 102.
34
What is the greatest common divisor of 429 and 975?
39
What is the highest common factor of 224 and 7?
7
Calculate the greatest common factor of 27 and 1242.
27
What is the highest common divisor of 82 and 6642?
82
Calculate the highest common divisor of 632 and 352.
8
Calculate the greatest common divisor of 16 and 164.
4
Calculate the highest common divisor of 3247 and 955.
191
What is the greatest common factor of 153 and 17?
17
What is the highest common factor of 14 and 7931?
7
Calculate the highest common divisor of 33 and 1485.
33
What is the highest common factor of 96 and 1376?
32
What is the greatest common divisor of 119 and 17?
17
Calculate the greatest common divisor of 784 and 42.
14
What is the highest common divisor of 196 and 14?
14
Calculate the greatest common divisor of 36 and 28788.
12
Calculate the highest common factor of 100 and 36700.
100
Calculate the highest common divisor of 726 and 19360.
242
What is the greatest common divisor of 28 and 40?
4
What is the greatest common factor of 198 and 36?
18
Calculate the greatest common divisor of 22808 and 8.
8
Calculate the highest common factor of 2275 and 6475.
175
What is the greatest common divisor of 31 and 31?
31
Calculate the highest common factor of 26 and 2314.
26
What is the greatest common divisor of 19095 and 1140?
285
What is the highest common divisor of 14363 and 53?
53
Calculate the greatest common divisor of 14 and 112.
14
Calculate the greatest common divisor of 81 and 2781.
27
What is the highest common factor of 368 and 80?
16
Calculate the highest common divisor of 58 and 1740.
58
Calculate the highest common divisor of 44 and 18678.
22
Calculate the highest common factor of 2941 and 85.
17
What is the highest common factor of 3401 and 19?
19
Calculate the greatest common divisor of 27 and 10071.
27
Calculate the highest common factor of 58 and 203.
29
What is the greatest common factor of 420 and 120?
60
Calculate the greatest common factor of 16 and 1136.
16
What is the highest common factor of 384 and 1248?
96
What is the greatest common divisor of 30 and 1845?
15
What is the highest common divisor of 2565 and 114?
57
Calculate the greatest common divisor of 480 and 90.
30
What is the greatest common divisor of 44 and 4?
4
What is the greatest common divisor of 392 and 1911?
49
Calculate the highest common factor of 55 and 539.
11
What is the greatest common divisor of 2085 and 15?
15
What is the greatest common divisor of 2 and 29?
1
Calculate the highest common divisor of 12139 and 61.
61
What is the highest common divisor of 40 and 16?
8
Calculate the greatest common factor of 33 and 7711.
11
What is the highest common divisor of 686 and 56?
14
Calculate the greatest common divisor of 1025 and 25.
25
Calculate the greatest common divisor of 837 and 62.
31
What is the greatest common factor of 851 and 259?
37
What is the greatest common divisor of 96 and 64?
32
What is the highest common divisor of 130 and 40?
10
Calculate the highest common divisor of 14 and 112.
14
What is the greatest common divisor of 603 and 63?
9
What is the greatest common divisor of 6 and 354?
6
Calculate the greatest common factor of 28 and 238.
14
What is the greatest common factor of 48 and 912?
48
What is the greatest common factor of 8 and 104?
8
What is the greatest common divisor of 298 and 8?
2
What is the greatest common divisor of 220 and 88?
44
Calculate the highest common factor of 47 and 1269.
47
What is the greatest common divisor of 8802 and 81?
27
Calculate the greatest common factor of 285 and 38.
19
Calculate the greatest common divisor of 49 and 637.
49
Calculate the greatest common divisor of 243 and 405.
81
What is the greatest common divisor of 50 and 150?
50
Calculate the highest common factor of 7080 and 10.
10
What is the highest common factor of 45 and 234?
9
Calculate the greatest common divisor of 10 and 28.
2
Calculate the highest common factor of 1216 and 16.
16
Calculate the greatest common divisor of 353 and 20827.
353
What is the highest common divisor of 155 and 6634?
31
Calculate the greatest common divisor of 42 and 56.
14
Calculate the highest common factor of